2 - -27. Suppose -u - 371 = -4*u + w, -r*w - 119 = -u. List the prime factors of u.
2, 31
Let b be -1 + 0 - (2 + -5 - 55). Suppose 124 = 58*t - b*t. What are the prime factors of t?
2, 31
List the prime factors of ((-270)/(-4) - 1)/((-1)/(-6)).
3, 7, 19
Let c(u) = u - 1. Let x be c(11). Suppose 3*q + 693 = x*q. What are the prime factors of q?
3, 11
Let v(k) = 2*k**2 + 6*k - 7. Let p(u) = u**2 - 6*u - 5. Let w be p(6). Let b be v(w). List the prime factors of 2*(b - 12/4).
2, 5
What are the prime factors of 14602/(-4)*(-20)/35?
2, 7, 149
Let i = 92 + -49. Let f = i + -23. List the prime factors of f.
2, 5
Let s(x) = 2*x**2 + 35*x + 22. List the prime factors of s(-28).
2, 5, 61
Let c(m) = 116*m**2 + 37*m + 120. What are the prime factors of c(-3)?
3, 13
Suppose 2*c - 2*r + 5*r - 649 = 0, c + 4*r = 312. What are the prime factors of c?
2, 83
Let g(l) = -l**2 - 19*l - 19. Let v be g(-10). Let i = v + -38. What are the prime factors of i?
3, 11
Suppose -b - 2 + 16 = 0. Suppose 3*g - 6 = 0, 5*r + g + b = -354. List the prime factors of 1 - 4/8*r.
2, 19
Suppose -2*i - 2*i + 40 = 0. Let q(p) be the first derivative of p**3/3 - 4*p**2 - 11*p - 3. What are the prime factors of q(i)?
3
Suppose 0 = -2*r - 6, 221*r = 2*f + 219*r - 4576. List the prime factors of f.
5, 457
Suppose 5*n = -1 + 16. Suppose -q = -n*q + 540. What are the prime factors of q?
2, 3, 5
Let h(o) = -o**2 - 5*o + 10. Let k be h(5). List the prime factors of (28/5)/((-16)/k).
2, 7
Let o(d) = -2*d**3 - 2*d**2 + 20*d + 31. List the prime factors of o(-4).
47
Let r = 282 + -244. What are the prime factors of r?
2, 19
Suppose h - 1 = -4. Let c be (-13)/(91/(-152)) - (-2)/7. Let v = c + h. List the prime factors of v.
19
Let o be (-10)/(4/10*(-15)/3). What are the prime factors of (o/(-20) - (-197)/4) + -1?
2, 3
Let k be (-6)/(-12)*690 + (0 - 1). Suppose k = 11*a - 481. List the prime factors of a.
3, 5
Suppose i = -i + a + 118, -4*i = -5*a - 248. Suppose -5*u - i = -8*u. What are the prime factors of u?
19
Suppose 2517 = 1154*f - 1153*f. What are the prime factors of f?
3, 839
Let f = 62 + -54. Suppose 0 = -y + f*y - 413. What are the prime factors of y?
59
Let x = 11 - 28. Let o(g) = 24*g**2 - 23*g**2 + 22*g - 6*g - 7. What are the prime factors of o(x)?
2, 5
Let g be (-8 - -11) + 1 + 0. Suppose 3*f - 6 = 3*k, -g*f - 4*k + 42 = -6. List the prime factors of f.
7
Let h be (-2)/6 + 48/9. Suppose -v - 4*b + 21 = -18, -3*b + 110 = h*v. What are the prime factors of v?
19
What are the prime factors of ((-1)/(18/255))/((-31)/186)?
5, 17
What are the prime factors of ((-66)/7)/(24/(-84))?
3, 11
Suppose -2*u - 20 = 10. List the prime factors of (-170)/(-4)*u*(-4)/50.
3, 17
Suppose 47304 = 15*x - 18081. What are the prime factors of x?
3, 1453
Let j(z) = -z**2 + 12*z. Let v be j(11). Let n = -6 + v. Suppose -g - 17 = -w, -n*w = -4*g - 142 + 53. List the prime factors of w.
3, 7
Let q = -7 + 18. Let h(s) = -13*s - 13. Let t(w) = -7*w - 7. Let c(x) = q*t(x) - 6*h(x). List the prime factors of c(2).
3
Suppose -i - 3*i - y + 21 = 0, 5*i = -y + 26. Suppose i*s = -0*s + 130. List the prime factors of s.
2, 13
Let c be (-8)/10*15/(-6). Let a(k) = k**3 - 2*k + 1. Let x be a(c). Let l = x - 2. List the prime factors of l.
3
Let s be 0*(-1 - 12/(-8)). Suppose s = 10*t - 12*t + 112. List the prime factors of t.
2, 7
Suppose -138*k + 15320 = -134*k. What are the prime factors of k?
2, 5, 383
Let d(s) = 5*s - 1. Let j = -18 + 11. Let u = 10 + j. List the prime factors of d(u).
2, 7
Suppose -h - 253 = -257. Suppose h*d + 617 = 5*c - 384, d = -4. List the prime factors of c.
197
Suppose -27 = -3*s - 15. Suppose -d - s*d - 4*v = -239, -4*d = -5*v - 183. List the prime factors of d.
47
Suppose -h = -15 - 90. Suppose 2*l - h = -3*l. What are the prime factors of l?
3, 7
Let k = 723 + -490. Let p = -140 + k. List the prime factors of p.
3, 31
Let o(t) be the third derivative of -t**4/8 + t**3 - t**2 + 86*t. Let c(i) = 3*i + 7. Let s be c(-5). List the prime factors of o(s).
2, 3, 5
What are the prime factors of 14/(-2) + 507 - 1?
499
Suppose 3 - 19 = -4*s. Suppose -7*y + 19 + 1549 = 0. Suppose s*n - y = -84. What are the prime factors of n?
5, 7
Suppose -o + 0*q + 33 = -3*q, -5*o + q + 193 = 0. Suppose -o = -2*x + 371. Suppose 3*g - x = -2*v - 67, -3*g + 2*v = -138. What are the prime factors of g?
2, 23
Let r = 625 + 527. List the prime factors of r.
2, 3
List the prime factors of (-12)/(-9)*894/8.
149
Suppose 440 = 4*u + 4*j, u + u - 220 = 5*j. Suppose 5*z = 195 + u. List the prime factors of z.
61
Let d = 56 + -103. Let n = 66 + d. What are the prime factors of n?
19
Let m(f) = 11*f**3 - 6*f - 1. List the prime factors of m(3).
2, 139
Suppose -64*s + 32322 + 259582 = 0. What are the prime factors of s?
4561
Let w(u) = -3*u + 54. Let c be w(20). What are the prime factors of -3*c/((-24)/(-316))?
3, 79
Suppose -2*h = 29 + 39. Let c = h + 67. List the prime factors of c.
3, 11
What are the prime factors of (3*35/(-3))/((-1)/3)?
3, 5, 7
Let u(s) = 1304*s**3 - 2*s**2 - 9*s + 10. What are the prime factors of u(1)?
1303
Let f be (-3)/12 + 2/8. Suppose f*w + 4*w = 8. What are the prime factors of 2/4*w*31?
31
Let q(p) = -p**2 - 7*p + 21. Let y be q(-9). Suppose y*x - 8*x = -185. What are the prime factors of x?
37
Suppose 7567 = -0*w + 4*w - 5*c, 2*w + c = 3787. What are the prime factors of w?
3, 631
Suppose 11*x = -k + 6*x - 20, 12 = 4*k - 3*x. Let q be k*2/(-6) - 0. Suppose q = -3*y + g + 23, 0 = y + y + 5*g - 4. List the prime factors of y.
7
Let n(o) = o**2 + 2*o + 5. Suppose -4*i - 25 = 5*s - 0*s, -4*i - 28 = 4*s. Let c be i + 1 + 8/2. What are the prime factors of n(c)?
2, 5
List the prime factors of (-40 - 153)/(3/(-27)).
3, 193
List the prime factors of (1178 - 22) + -1*1.
3, 5, 7, 11
Let o be (0 - 4)*(-33)/12. Suppose 3*c = 4*a + o, -4*a = -2*c - 1 + 3. Let k = c - 4. List the prime factors of k.
5
Let v = 36 + 31. Suppose -v = -2*p + 3*f, 5*p + 5*f + 0*f = 155. What are the prime factors of p?
2
Let a = 14 - 60. Let u = a - -106. What are the prime factors of u?
2, 3, 5
Suppose 3*y = 6*l - l + 775, -4 = -l. List the prime factors of y.
5, 53
Let l(b) = 22*b**3 - b**2 + b - 2. Let o be l(2). Suppose o = 3*n + 5*a, 0 = 2*n + n - 2*a - 137. Let p = -27 + n. List the prime factors of p.
2, 11
Suppose 4*z - 7 = 4*c + 5, 2*c = 3*z - 1. Let k(w) = 27*w - 3. Let v be k(2). Let s = c + v. What are the prime factors of s?
43
Let h be 12*(1 + 4/8). Suppose 4*x = 2*u - h, -u - 5*x = -3 + 1. Let c = u - 0. List the prime factors of c.
7
Suppose 5*d - 15 - 15 = 0. Let j(r) = -r + 2. Let c be j(d). What are the prime factors of (-20)/(-6) - c/6?
2
Suppose 89 + 187 = 4*k. List the prime factors of k.
3, 23
Suppose 0 = -3*j + 288 + 432. What are the prime factors of j?
2, 3, 5
Let y(j) = 2*j**2 - 6*j - 3. What are the prime factors of y(8)?
7, 11
Suppose 5*r - 195 = -3*p, 3*r = -2*r - p + 185. What are the prime factors of -1 + 4 + 1 + r?
2, 5
Let r = 104 + 542. What are the prime factors of r/5 - 6/30?
3, 43
Let n(g) = 5 + 2 + 5*g**2 + g**2 + g**3 + 4*g. Let j be n(-5). Suppose 0 = x - j. List the prime factors of x.
2, 3
Let r(v) = -6*v**3 - 5*v**2 - 2*v + 7. What are the prime factors of r(-3)?
2, 5, 13
What are the prime factors of (1 + 70/(-20))*-758?
5, 379
Suppose q - 7*q = -5520. Suppose -q = -4*r - 4*r. List the prime factors of r.
5, 23
Suppose 8165 + 1782 = 49*f. List the prime factors of f.
7, 29
Suppose -3*d = -2*r + 7*r - 679, 3*r = -4*d + 403. Let n = r + -61. What are the prime factors of n?
2, 19
Let f = -113 - -982. Suppose 5*p - 2*m = f, -2*p + p + 4*m + 163 = 0. List the prime factors of p.
5, 7
Let o = 210 - 92. Suppose -o = -k - k. Let d = 9 + k. List the prime factors of d.
2, 17
Let b(d) = 3*d**2 - 28*d + 442. What are the prime factors of b(34)?
2, 3, 17, 29
Let g = -13 + 7. Let t(d) = 4*d + 8*d**2 + 6*d + 8*d + 5 - 9*d + d**3. What are the prime factors of t(g)?
23
Let t = 33 - 9. What are the prime factors of 8/t*(1 - -194)?
5, 13
What are the prime factors of 890/6*(-20 + 23)?
5, 89
Suppose 0 = -3*z + 2*l + 4, 4*l = -3*z + 7*l. Let h be 7*(z - 498/(-21)). Let n = h + -124. List the prime factors of n.
2, 5, 7
Suppose 13 - 1 = 3*v. Suppose 2*b = 4 + v. Suppose n = b*n - 87. What are the prime 